 l. Suppose -13*f - 6*f = 38. Give a(f).
8
Let v(y) = -y**3 + y**2 - 7. Let f = -129 + 137. Let o(k) = k**2 - 9*k + 8. Let n be o(f). Calculate v(n).
-7
Let h(b) = 12*b**3 - 7*b**2 - 3*b - 2. Let t(r) = -29*r**3 + 14*r**2 + 5*r + 6. Let i(o) = 5*h(o) + 2*t(o). What is i(4)?
-2
Suppose 3*d = -4 - 11. Let a(h) = 27*h**2 - 11*h**2 - 2*h - 14*h**2 - 11 - 16*h**2 - h. Let w(c) = c**2 + c + 2. Let f(y) = d*w(y) - a(y). Determine f(1).
8
Let p(a) = 7*a**3 - a**2 - a - 1. Let z(j) = -34*j**3 + j**2 + j + 7. Let w(y) = -5*p(y) - z(y). Calculate w(4).
14
Let y(b) be the second derivative of 5*b**3/6 - 60*b**2 + 90*b - 1. Give y(25).
5
Let z be 77/(-44) + 3/4. Let l(m) = -13*m + 14. Let w(c) = -5*c + 5. Let f(q) = 6*l(q) - 17*w(q). Calculate f(z).
-8
Let q be 6 - 12 - (-5 - -2). Let s(a) = 5 - 2 + 0*a + 6*a - 3*a. What is s(q)?
-6
Let i(v) = -v**2 + 15*v + 34. Let w be i(17). Let s be w/(-5) - ((5 - -3) + 1). Let j(y) = -2*y**3 - 17*y**2 + 10*y + 12. Calculate j(s).
3
Let j(h) = h**2 + 11*h. Let i be (18/(-7))/(14*(-27)/(-1764)). Determine j(i).
12
Let y(c) = 8*c - 5. Let r(s) = -3 + 0 - 8*s + 15*s + 3 - 3. Let u(b) = -7*r(b) + 6*y(b). Determine u(-10).
1
Let i(t) be the third derivative of 3*t**4/8 + 40*t**3/3 + 6*t**2 - 8. What is i(-11)?
-19
Let v(k) = -7*k + 0 - 7 + 3*k - 13 + 11. Suppose 2*c + 2*c - 52 = -2*l, -2*l = 2*c - 22. Let n be (-4)/6*(c - 6). Determine v(n).
15
Let v(u) = -7*u + 3. Let n(b) = -b**2 + 4*b + 3. Let q(t) = n(t) + v(t). Give q(3).
-12
Let b be (-69)/(-3) + (-1 - -5). Suppose 25*p + 4 = b*p. Let z(x) = -8*x - 3 + 3 - 1 + x**p. Give z(6).
-13
Let g(p) = 24*p - 12. Let v(t) = t + 1. Let u(l) = -g(l) - 12*v(l). Let d be 7/3 + 52/(-78) + 2/(-3). What is u(d)?
-36
Let m(h) = 1 - 13*h - 4*h + 4*h**2 + 16*h + h**3 - 3. Let d be ((-4)/6)/((-260)/45 + 6). Calculate m(d).
10
Let b be 154/15*12 - (-4)/(-20). Let r = b + -41. Let c = 81 - r. Let v(i) = 26*i - 1. Calculate v(c).
-27
Let r(f) be the first derivative of f**3/3 + f**2/2 - 5*f + 160659. Let w be (2 + 0)/((-1)/2). What is r(w)?
7
Let c(q) = q**2 - 8*q + 4. Let b = -59 + 175. Let o = -109 + b. Give c(o).
-3
Let p(m) = m**3 + 60*m**2 + 173*m + 110. Let s be p(-57). Let r(c) = 3*c**2 + 12*c - 6. Determine r(s).
-6
Let l(u) = 58*u**2 + 48*u + 3. Let y(i) = -13*i**2 - 12*i. Let x(t) = 2*l(t) + 9*y(t). Give x(-15).
-39
Let m(r) = -2*r**3 - 6*r**2 - 64*r - 124. Let n be m(-2). Let d(t) = -5*t**2 - 6*t - 2. Give d(n).
-58
Let m(r) = -10*r**3 - 7*r**2 - 5*r - 7. Let h(f) = -f**3 - f**2 - f - 1. Let a(s) = 5*h(s) - m(s). Suppose 2*o - 4*k + 14 = -6*k, 3*k = -5*o - 25. What is a(o)?
-30
Let s(j) = -3*j - 10. Let t(i) = -13*i - 41. Let w(f) = -9*s(f) + 2*t(f). Give w(-11).
-3
Let p(a) = -3*a + 7. Let w be (-3 - 2 - -7)/1. Suppose w*r - 4*v - 12 = 0, 3 = 2*r - 4*r - v. Determine p(r).
7
Suppose -4*g = -46 + 10. Let m(w) = 9 - g*w**2 - w**3 - 1 + w + 5 - 2. Let p be m(-9). Let a(y) = -3*y**2 - 2*y + 1. Calculate a(p).
-15
Let p(y) = 21*y**2 + 151*y - 82. Let s(a) = 3*a**2 + 22*a - 12. Let l(b) = 6*p(b) - 41*s(b). Suppose -21 = -2*w + 5*h, w - h - 4 = 2. Give l(w).
39
Let x(k) = 1 + 5*k - 2 - 6. Let w(h) = 48*h + 23. Let z(p) = 17*p + 8. Let v(c) = -6*w(c) + 17*z(c). Let y(t) = -4*v(t) + x(t). Calculate y(-4).
-3
Let x(d) = 11*d + 3. Let t(m) = -2*m**3 + 76*m**2 + m - 44. Let y be t(38). Determine x(y).
-63
Let c(a) = 54*a + 74*a - 206 + 36*a - 139*a. What is c(8)?
-6
Let g(h) = 7*h + 44. Let l be g(-6). Let y be 2/(l/(-5)*(-65)/208). Let m(x) = -y + 5*x**2 - x**2 - 3*x**3 - x + 2*x**3 - 5*x**2. What is m(0)?
-16
Let y(m) = -m - 8. Let d(i) = 3*i + 17. Let h(c) = -14*c - 69. Let g(z) = -9*d(z) - 2*h(z). Let f be g(9). What is y(f)?
-2
Suppose -9*z - 18 = 63. Let b(v) = -v**3 - 3*v**2 - 8*v - 1. Let i(x) = -2*x**3 - 8*x**2 - 17*x - 2. Let t(s) = z*b(s) + 4*i(s). What is t(3)?
-5
Let m(w) = -48*w + 561. Let k(o) = 15*o - 177. Let s(b) = 19*k(b) + 6*m(b). Let v(u) = -2*u - 7. Let c be v(-6). Give s(c).
-12
Let q(h) be the first derivative of -5*h - 1/3*h**3 - 6*h**2 + 302. Determine q(-7).
30
Let l(h) be the third derivative of h**5/15 + 23*h**4/12 - 29*h**3/6 - 2*h**2 + 11*h - 83. Calculate l(-12).
-5
Let w be 7/9 + (-27)/(729/(-6)). Suppose 3*d + 5 = -w. Let r(t) = -18*t + 1. Determine r(d).
37
Let b(y) be the first derivative of y**5/10 - y**4/6 - y**3/6 - y**2/2 + 7*y - 166. Let t(m) be the first derivative of b(m). Determine t(-2).
-23
Let x(o) = -7*o - 12 - 5 + 19 + 14. Give x(-5).
51
Let v = -53 + 56. Suppose -v*j - 24 = -9*j. Let k(t) = j + 2*t - 2*t + 0*t - t. Calculate k(3).
1
Let l(x) = -x**3 - 6*x**2 + 19*x + 9. Suppose 6*p + 3*q + 33 = 0, p - 8*q - 17 = -13*q. Determine l(p).
-15
Let w(n) = n**3 - 6*n**2 + 5*n - 4. Let l be ((-1)/7)/(53/(-371)). Let v be 5/4*(33/11 + l). Calculate w(v).
-4
Let z(x) = x**3 + 8*x**2 + 5*x - 1. Let u(y) = 3*y + 55. Let q(p) = 3*p + 54. Let o(v) = 3*q(v) - 4*u(v). Let j be o(-17). Give z(j).
13
Let q(p) = -2*p - 1. Suppose -2*w - 447 = -3*v, -10*w = -13*w - 2*v - 651. Let u = -213 - w. Calculate q(u).
-13
Let h(o) = o**3 - 2*o**2 - 4. Let w(u) = u - 1. Let y be w(-8). Let t be y/12 - (-3)/4. Let a(p) = p**3 + p**2 + p + 3. Let f be a(t). What is h(f)?
5
Let w(p) = 2*p**3 + 874*p**2 - 47 + 2*p**3 + 10*p - 5*p**3 - 863*p**2 + 5*p. Calculate w(12).
-11
Let m(l) = 4*l**2 + 5 - 4*l - 3*l**2 - 2. Let y(r) = -r**3 - 57*r**2 - 8*r - 453. Let s be y(-57). What is m(s)?
0
Suppose -408*t + 41 = -367*t. Let x(r) = -11*r + 8. Calculate x(t).
-3
Let g(t) = -100 + 183 - 92 - t. Let u be -3*4/(-12) - 7. What is g(u)?
-3
Let o(l) = -3*l**2 + 2*l - 26. Let u(j) = -5*j**2 + 4*j - 51. Let v(k) = -7*o(k) + 4*u(k). Determine v(-4).
-14
Suppose 0 = -2*c + 112 - 26. Let d = 44 - c. Let w(o) = 5*o**2 + 2*o - 1. Let u be w(d). Let s(k) = -k**3 + 7*k**2 - 6*k + 4. What is s(u)?
4
Let i(g) = -g**3 - 15*g**2 - 44*g + 5. Let q be i(-4). Let f = -1 - -6. Suppose 5*z + q*m - 7 = -2, 0 = -m - f. Let w(x) = -x**2 + 9*x - 1. Calculate w(z).
17
Let w(b) = 31*b**2 + 25*b - 32. Let m(l) = -22*l**2 - 18*l + 21. Let q(i) = -7*m(i) - 5*w(i). What is q(4)?
1
Let v(r) = 10*r**3 - 11*r**2 + 60*r + 21. Let g(j) = -3*j**3 + 2*j**2 - 19*j - 6. Let a(b) = -7*g(b) - 2*v(b). Calculate a(-4).
12
Let q(j) be the second derivative of j**4/12 - 5*j**3/2 - 4*j**2 - 54*j + 38. Give q(15).
-8
Let t(j) = j - 1. Let r(p) = -p**2 + 5*p. Let n(a) = r(a) - 4*t(a). Suppose -7*h + 12 = 5. Suppose u - 3*d + h = 0, -3*u - d + 7 = -2*u. What is n(u)?
-16
Let p(r) be the second derivative of -r**7/2520 + r**6/360 - r**5/60 - 41*r**4/4 - 388*r. Let w(j) be the third derivative of p(j). Let v = 3 + 1. Give w(v).
-10
Let x(h) = -32*h**3 - h - 1. Suppose -2*i + 36 = 4*y, 19*y = -i + 20*y + 9. Let z be (24/18)/(-2)*i/8. Calculate x(z).
32
Let h(j) = -4*j - 117. Let a(w) = 8*w + 255. Let z(s) = -6*a(s) - 15*h(s). Give z(-20).
-15
Suppose -269 = -298*i + 29. Let a(p) = -30*p + 1. Calculate a(i).
-29
Let x(y) = -8*y**3 + y + 1. Let f(z) = 13*z - 110. Let n be f(8). Let i be ((-18)/4 - -5)/(3/n). What is x(i)?
8
Let g(d) = -8*d + 4. Let f be g(0). Let u be f - (1 - -2) - (5 + -2). Let y(b) be the third derivative of b**5/30 - b**4/12 - b**3/3 - b**2. Calculate y(u).
10
Let u = -11 - -4. Let t(h) = -h - 10. Let r be t(u). Let g(b) = 5 - 3 - 1 - 2*b**2 - b**3 + 0*b**3 + 0*b**3 + 2*b. Determine g(r).
4
Let w(y) be the first derivative of -3*y**2 + 51*y - 2012. Determine w(8).
3
Let x(k) = -k**3 + 5*k**2 - 4*k + 5. Let c be x(5). Let w = c - -20. Let j(h) = w*h + 3 + 3*h + 6*h - 9*h - h**2. Determine j(5).
3
Suppose -5*k = 0, 4*k - 2*k - 10 = 2*l + 4*k. Let m(t) be the first derivative of t**2/2 + 3*t + 2. What is m(l)?
-2
Let p(w) = 22*w - 162. Suppose 2*t + 89*y - 91*y = 30, t - 10*y - 87 = 0. What is p(t)?
-8
Let g(q) = q**3 - 9*q**2 - 3*q - 2. Let m be 5472/627 + 4/((-88)/(-6)). Calculate g(m).
-29
Let c(a) = 4*a + 0 - 5 - a**2 + 0*a - 3*a. Suppose -13*f + 18 = 4*x - 14*f, -5*x + 2*f + 21 = 0. Determine c(x).
-25
Let k = 218 + -251. Let l = k - -26. Let z(q) = -q**2 - 7*q + 2. Determine z(l).
2
Let u(w) = w**3 - 8*w**2 - 13*w. Suppose -d + 9 = 3*z, 2*d + 2*z - 382 = -364. Give u(d).
-36
Let q(l) = -5*l**2 - 3*l - 1. Let n(z) = 47*z**2 + 426*z + 31. Let r be n(-9). What is q(r)?
-93
Let k = -11410 + 11415. Let q(l) = -l**3 + 6